{"id":3035,"date":"2025-12-22T14:35:46","date_gmt":"2025-12-22T11:35:46","guid":{"rendered":"https:\/\/www.zngenerji.com\/?page_id=3035"},"modified":"2025-12-22T14:39:50","modified_gmt":"2025-12-22T11:39:50","slug":"astor-sarj","status":"publish","type":"page","link":"https:\/\/www.zngenerji.com\/?page_id=3035","title":{"rendered":"ASTOR \u015eARJ"},"content":{"rendered":"\t\t<div data-elementor-type=\"wp-page\" data-elementor-id=\"3035\" class=\"elementor elementor-3035\">\n\t\t\t\t\t\t<main class=\"elementor-section elementor-top-section elementor-element elementor-element-5d12d48b elementor-section-boxed elementor-section-height-default elementor-section-height-default\" data-id=\"5d12d48b\" data-element_type=\"section\">\r\n\t\t\t\t\t\t<div class=\"elementor-container elementor-column-gap-thegem\"><div class=\"elementor-row\">\r\n\t\t\t\t\t<div class=\"elementor-column elementor-col-100 elementor-top-column elementor-element elementor-element-3d736e4\" data-id=\"3d736e4\" data-element_type=\"column\">\n\t\t\t<div class=\"elementor-widget-wrap elementor-element-populated\">\n\t\t\t\t\t\t<div class=\"elementor-element elementor-element-133c196f flex-horizontal-align-default flex-horizontal-align-tablet-default flex-horizontal-align-mobile-default flex-vertical-align-default flex-vertical-align-tablet-default flex-vertical-align-mobile-default elementor-invisible elementor-widget elementor-widget-image\" data-id=\"133c196f\" data-element_type=\"widget\" data-settings=\"{&quot;_animation&quot;:&quot;fadeIn&quot;}\" data-widget_type=\"image.default\">\n\t\t\t\t\t\t\t\t\t\t\t\t\t\t\t<img width=\"600\" height=\"1200\" src=\"https:\/\/www.zngenerji.com\/wp-content\/uploads\/2025\/12\/astor-ac-sarj-istasyonu.png\" class=\"attachment-full size-full wp-image-3038\" alt=\"\" srcset=\"https:\/\/www.zngenerji.com\/wp-content\/uploads\/2025\/12\/astor-ac-sarj-istasyonu.png 600w, https:\/\/www.zngenerji.com\/wp-content\/uploads\/2025\/12\/astor-ac-sarj-istasyonu-150x300.png 150w, https:\/\/www.zngenerji.com\/wp-content\/uploads\/2025\/12\/astor-ac-sarj-istasyonu-512x1024.png 512w\" sizes=\"(max-width: 600px) 100vw, 600px\" \/>\t\t\t\t\t\t\t\t\t\t\t\t\t\t\t<\/div>\n\t\t\t\t<div class=\"elementor-element elementor-element-dc882cc flex-horizontal-align-default flex-horizontal-align-tablet-default flex-horizontal-align-mobile-default flex-vertical-align-default flex-vertical-align-tablet-default flex-vertical-align-mobile-default elementor-invisible elementor-widget elementor-widget-heading\" data-id=\"dc882cc\" data-element_type=\"widget\" data-settings=\"{&quot;_animation&quot;:&quot;fadeInUp&quot;}\" data-widget_type=\"heading.default\">\n\t\t\t\t\t<div class=\"title-h2 elementor-heading-title elementor-size-default\">AC \u015eARJ \u0130STASYONU<\/div>\t\t\t\t<\/div>\n\t\t\t\t<div class=\"elementor-element elementor-element-47b21fdd flex-horizontal-align-default flex-horizontal-align-tablet-default flex-horizontal-align-mobile-default flex-vertical-align-default flex-vertical-align-tablet-default flex-vertical-align-mobile-default elementor-invisible elementor-widget elementor-widget-text-editor\" data-id=\"47b21fdd\" data-element_type=\"widget\" data-settings=\"{&quot;_animation&quot;:&quot;fadeInUp&quot;}\" data-widget_type=\"text-editor.default\">\n\t\t\t\t\t\t\t\t\t\t\t\t<div class=\"elementor-text-editor elementor-clearfix\">\r\n\t\t\t\t\t\t<div class=\"portfolio-text-holder\"><p class=\"portfolio-describe\">\u2261 22 kW AC g\u00fc\u00e7, max. 32 A ak\u0131m.<\/p><p class=\"portfolio-describe\">\u2261 1 adet type 2 soket.<\/p><p class=\"portfolio-describe\">\u2261 Power meter i\u00e7erir.<\/p><p class=\"portfolio-describe\">\u2261 Haberle\u015fme: 4G\/LAN<\/p><p class=\"portfolio-describe\">\u2261 Yetkilendirme: OCPP 1.6<\/p><p class=\"portfolio-describe\">\u2261 Do\u011frudan duvara veya kaide ile zemine montaj yap\u0131labilir.<\/p><p class=\"portfolio-describe\">\u2261 Ba\u011flant\u0131 tipi: 3P+N+E.<\/p><\/div>\t\t\t\t\t\t\t<\/div>\r\n\t\t\t\t\t\t\t\t\t\t<\/div>\n\t\t\t\t\t<\/div>\n\t\t<\/div>\n\t\t\t\t\t<\/div><\/div>\r\n\t\t<\/main>\r\n\t\t\t\t<main class=\"elementor-section elementor-top-section elementor-element elementor-element-be7bdb7 elementor-section-boxed elementor-section-height-default elementor-section-height-default\" data-id=\"be7bdb7\" data-element_type=\"section\">\r\n\t\t\t\t\t\t<div class=\"elementor-container elementor-column-gap-thegem\"><div class=\"elementor-row\">\r\n\t\t\t\t\t<div class=\"elementor-column elementor-col-100 elementor-top-column elementor-element elementor-element-13c8a1f\" data-id=\"13c8a1f\" data-element_type=\"column\">\n\t\t\t<div class=\"elementor-widget-wrap elementor-element-populated\">\n\t\t\t\t\t\t<div class=\"elementor-element elementor-element-58dd2fe flex-horizontal-align-default flex-horizontal-align-tablet-default flex-horizontal-align-mobile-default flex-vertical-align-default flex-vertical-align-tablet-default flex-vertical-align-mobile-default elementor-invisible elementor-widget elementor-widget-image\" data-id=\"58dd2fe\" data-element_type=\"widget\" data-settings=\"{&quot;_animation&quot;:&quot;fadeIn&quot;}\" data-widget_type=\"image.default\">\n\t\t\t\t\t\t\t\t\t\t\t\t\t\t\t<img width=\"960\" height=\"960\" src=\"https:\/\/www.zngenerji.com\/wp-content\/uploads\/2025\/12\/DC-SI-CHARGE-ISTASYONU.png\" class=\"attachment-full size-full wp-image-3039\" alt=\"\" srcset=\"https:\/\/www.zngenerji.com\/wp-content\/uploads\/2025\/12\/DC-SI-CHARGE-ISTASYONU.png 960w, https:\/\/www.zngenerji.com\/wp-content\/uploads\/2025\/12\/DC-SI-CHARGE-ISTASYONU-300x300.png 300w, https:\/\/www.zngenerji.com\/wp-content\/uploads\/2025\/12\/DC-SI-CHARGE-ISTASYONU-150x150.png 150w, https:\/\/www.zngenerji.com\/wp-content\/uploads\/2025\/12\/DC-SI-CHARGE-ISTASYONU-768x768.png 768w, https:\/\/www.zngenerji.com\/wp-content\/uploads\/2025\/12\/DC-SI-CHARGE-ISTASYONU-256x256.png 256w\" sizes=\"(max-width: 960px) 100vw, 960px\" \/>\t\t\t\t\t\t\t\t\t\t\t\t\t\t\t<\/div>\n\t\t\t\t<div class=\"elementor-element elementor-element-20f282d flex-horizontal-align-default flex-horizontal-align-tablet-default flex-horizontal-align-mobile-default flex-vertical-align-default flex-vertical-align-tablet-default flex-vertical-align-mobile-default elementor-invisible elementor-widget elementor-widget-heading\" data-id=\"20f282d\" data-element_type=\"widget\" data-settings=\"{&quot;_animation&quot;:&quot;fadeInUp&quot;}\" data-widget_type=\"heading.default\">\n\t\t\t\t\t<div class=\"title-h2 elementor-heading-title elementor-size-default\">DC SI-CHARGE\n\n\u015eARJ \u0130STASYONU<\/div>\t\t\t\t<\/div>\n\t\t\t\t<div class=\"elementor-element elementor-element-ecbf632 flex-horizontal-align-default flex-horizontal-align-tablet-default flex-horizontal-align-mobile-default flex-vertical-align-default flex-vertical-align-tablet-default flex-vertical-align-mobile-default elementor-invisible elementor-widget elementor-widget-text-editor\" data-id=\"ecbf632\" data-element_type=\"widget\" data-settings=\"{&quot;_animation&quot;:&quot;fadeInUp&quot;}\" data-widget_type=\"text-editor.default\">\n\t\t\t\t\t\t\t\t\t\t\t\t<div class=\"elementor-text-editor elementor-clearfix\">\r\n\t\t\t\t\t\t<div class=\"portfolio-text-holder\"><div class=\"portfolio-text-holder\"><p class=\"portfolio-describe\">\u2261 180-300 kW<\/p><p class=\"portfolio-describe\">\u2261 Max. 500 A ak\u0131m (1 CCS soket \u00fczerinde)<\/p><p class=\"portfolio-describe\">\u2261 2 adet CCS2 \u015farj soketi<\/p><p class=\"portfolio-describe\">\u2261 Dahili \u015farj kablolar\u0131 (5m)<\/p><p class=\"portfolio-describe\">\u2261 DC Power Meter \u0130\u00e7erir.<\/p><p class=\"portfolio-describe\">\u2261 Haberle\u015fme: 4G\/LAN<\/p><p class=\"portfolio-describe\">\u2261 Yetkilendirme: OCCP 1.6j<\/p><p class=\"portfolio-describe\">\u2261 24&#8243; HD dokunmatik ekran<\/p><p class=\"portfolio-describe\">\u2261 Do\u011frudan zemine montaj\u0131 yap\u0131labilir.<\/p><p class=\"portfolio-describe\">\u2261 Ba\u011flant\u0131 tipi: 3P&lt;+N+E&gt;<\/p><\/div><\/div>\t\t\t\t\t\t\t<\/div>\r\n\t\t\t\t\t\t\t\t\t\t<\/div>\n\t\t\t\t\t<\/div>\n\t\t<\/div>\n\t\t\t\t\t<\/div><\/div>\r\n\t\t<\/main>\r\n\t\t\t\t<main class=\"elementor-section elementor-top-section elementor-element elementor-element-95d6a7e elementor-section-boxed elementor-section-height-default elementor-section-height-default\" data-id=\"95d6a7e\" data-element_type=\"section\">\r\n\t\t\t\t\t\t<div class=\"elementor-container elementor-column-gap-thegem\"><div class=\"elementor-row\">\r\n\t\t\t\t\t<div class=\"elementor-column elementor-col-100 elementor-top-column elementor-element elementor-element-236b2ed\" data-id=\"236b2ed\" data-element_type=\"column\">\n\t\t\t<div class=\"elementor-widget-wrap elementor-element-populated\">\n\t\t\t\t\t\t<div class=\"elementor-element elementor-element-b69f540 flex-horizontal-align-default flex-horizontal-align-tablet-default flex-horizontal-align-mobile-default flex-vertical-align-default flex-vertical-align-tablet-default flex-vertical-align-mobile-default elementor-invisible elementor-widget elementor-widget-image\" data-id=\"b69f540\" data-element_type=\"widget\" data-settings=\"{&quot;_animation&quot;:&quot;fadeIn&quot;}\" data-widget_type=\"image.default\">\n\t\t\t\t\t\t\t\t\t\t\t\t\t\t\t<img width=\"800\" height=\"800\" src=\"https:\/\/www.zngenerji.com\/wp-content\/uploads\/2025\/12\/DC-SARJ-ISTASYONU.png\" class=\"attachment-full size-full wp-image-3040\" alt=\"\" srcset=\"https:\/\/www.zngenerji.com\/wp-content\/uploads\/2025\/12\/DC-SARJ-ISTASYONU.png 800w, https:\/\/www.zngenerji.com\/wp-content\/uploads\/2025\/12\/DC-SARJ-ISTASYONU-300x300.png 300w, https:\/\/www.zngenerji.com\/wp-content\/uploads\/2025\/12\/DC-SARJ-ISTASYONU-150x150.png 150w, https:\/\/www.zngenerji.com\/wp-content\/uploads\/2025\/12\/DC-SARJ-ISTASYONU-768x768.png 768w, https:\/\/www.zngenerji.com\/wp-content\/uploads\/2025\/12\/DC-SARJ-ISTASYONU-256x256.png 256w\" sizes=\"(max-width: 800px) 100vw, 800px\" \/>\t\t\t\t\t\t\t\t\t\t\t\t\t\t\t<\/div>\n\t\t\t\t<div class=\"elementor-element elementor-element-3d6b455 flex-horizontal-align-default flex-horizontal-align-tablet-default flex-horizontal-align-mobile-default flex-vertical-align-default flex-vertical-align-tablet-default flex-vertical-align-mobile-default elementor-invisible elementor-widget elementor-widget-heading\" data-id=\"3d6b455\" data-element_type=\"widget\" data-settings=\"{&quot;_animation&quot;:&quot;fadeInUp&quot;}\" data-widget_type=\"heading.default\">\n\t\t\t\t\t<div class=\"title-h2 elementor-heading-title elementor-size-default\">DC\n\n\u015eARJ \u0130STASYONU<\/div>\t\t\t\t<\/div>\n\t\t\t\t<div class=\"elementor-element elementor-element-9050663 flex-horizontal-align-default flex-horizontal-align-tablet-default flex-horizontal-align-mobile-default flex-vertical-align-default flex-vertical-align-tablet-default flex-vertical-align-mobile-default elementor-invisible elementor-widget elementor-widget-text-editor\" data-id=\"9050663\" data-element_type=\"widget\" data-settings=\"{&quot;_animation&quot;:&quot;fadeInUp&quot;}\" data-widget_type=\"text-editor.default\">\n\t\t\t\t\t\t\t\t\t\t\t\t<div class=\"elementor-text-editor elementor-clearfix\">\r\n\t\t\t\t\t\t<div class=\"portfolio-text-holder\"><div class=\"portfolio-text-holder\"><div class=\"portfolio-text-holder\"><p class=\"portfolio-describe\">\u2261 60 kW-160 kW (Mod\u00fcler)<\/p><p class=\"portfolio-describe\">\u2261 Max. 200A ak\u0131m (1 CCS soket \u00fczerinde)<\/p><p class=\"portfolio-describe\">\u2261 2 adet CCS2 sarj soketi,<\/p><p class=\"portfolio-describe\">\u2261 Dahili \u015farj kablolar\u0131 (5m)<\/p><p class=\"portfolio-describe\">\u2261 Ba\u011flant\u0131 tipi: 3P&lt;+N+E&gt;<\/p><p class=\"portfolio-describe\">\u2261 DC power meter i\u00e7erir.<\/p><p class=\"portfolio-describe\">\u2261 Haberle\u015fme: 4G\/LAN<\/p><p class=\"portfolio-describe\">\u2261 Yetkilendirme: OCCP 1.6<\/p><p class=\"portfolio-describe\">\u2261 7\u2019\u2019 HD dokunmatik ekran.<\/p><p class=\"portfolio-describe\">\u2261 Do\u011frudan zemine montaj\u0131 yap\u0131labilir.<\/p><\/div><\/div><\/div>\t\t\t\t\t\t\t<\/div>\r\n\t\t\t\t\t\t\t\t\t\t<\/div>\n\t\t\t\t\t<\/div>\n\t\t<\/div>\n\t\t\t\t\t<\/div><\/div>\r\n\t\t<\/main>\r\n\t\t\t\t<main class=\"elementor-section elementor-top-section elementor-element elementor-element-7fee56f elementor-section-boxed elementor-section-height-default elementor-section-height-default\" data-id=\"7fee56f\" data-element_type=\"section\">\r\n\t\t\t\t\t\t<div class=\"elementor-container elementor-column-gap-thegem\"><div class=\"elementor-row\">\r\n\t\t\t\t\t<div class=\"elementor-column elementor-col-100 elementor-top-column elementor-element elementor-element-8510105\" data-id=\"8510105\" data-element_type=\"column\">\n\t\t\t<div class=\"elementor-widget-wrap elementor-element-populated\">\n\t\t\t\t\t\t<div class=\"elementor-element elementor-element-6f2fad2 flex-horizontal-align-default flex-horizontal-align-tablet-default flex-horizontal-align-mobile-default flex-vertical-align-default flex-vertical-align-tablet-default flex-vertical-align-mobile-default elementor-invisible elementor-widget elementor-widget-image\" data-id=\"6f2fad2\" data-element_type=\"widget\" data-settings=\"{&quot;_animation&quot;:&quot;fadeIn&quot;}\" data-widget_type=\"image.default\">\n\t\t\t\t\t\t\t\t\t\t\t\t\t\t\t<img width=\"800\" height=\"800\" src=\"https:\/\/www.zngenerji.com\/wp-content\/uploads\/2025\/12\/BIREYSEL-KULLANIM-SARJ-ISTASYONU.png\" class=\"attachment-full size-full wp-image-3041\" alt=\"\" srcset=\"https:\/\/www.zngenerji.com\/wp-content\/uploads\/2025\/12\/BIREYSEL-KULLANIM-SARJ-ISTASYONU.png 800w, https:\/\/www.zngenerji.com\/wp-content\/uploads\/2025\/12\/BIREYSEL-KULLANIM-SARJ-ISTASYONU-300x300.png 300w, https:\/\/www.zngenerji.com\/wp-content\/uploads\/2025\/12\/BIREYSEL-KULLANIM-SARJ-ISTASYONU-150x150.png 150w, https:\/\/www.zngenerji.com\/wp-content\/uploads\/2025\/12\/BIREYSEL-KULLANIM-SARJ-ISTASYONU-768x768.png 768w, https:\/\/www.zngenerji.com\/wp-content\/uploads\/2025\/12\/BIREYSEL-KULLANIM-SARJ-ISTASYONU-256x256.png 256w\" sizes=\"(max-width: 800px) 100vw, 800px\" \/>\t\t\t\t\t\t\t\t\t\t\t\t\t\t\t<\/div>\n\t\t\t\t<div class=\"elementor-element elementor-element-23266f9 flex-horizontal-align-default flex-horizontal-align-tablet-default flex-horizontal-align-mobile-default flex-vertical-align-default flex-vertical-align-tablet-default flex-vertical-align-mobile-default elementor-invisible elementor-widget elementor-widget-heading\" data-id=\"23266f9\" data-element_type=\"widget\" data-settings=\"{&quot;_animation&quot;:&quot;fadeInUp&quot;}\" data-widget_type=\"heading.default\">\n\t\t\t\t\t<div class=\"title-h2 elementor-heading-title elementor-size-default\">B\u0130REYSEL KULLANIM \u015eARJ \u0130STASYONU<\/div>\t\t\t\t<\/div>\n\t\t\t\t<div class=\"elementor-element elementor-element-c1f7f51 flex-horizontal-align-default flex-horizontal-align-tablet-default flex-horizontal-align-mobile-default flex-vertical-align-default flex-vertical-align-tablet-default flex-vertical-align-mobile-default elementor-invisible elementor-widget elementor-widget-text-editor\" data-id=\"c1f7f51\" data-element_type=\"widget\" data-settings=\"{&quot;_animation&quot;:&quot;fadeInUp&quot;}\" data-widget_type=\"text-editor.default\">\n\t\t\t\t\t\t\t\t\t\t\t\t<div class=\"elementor-text-editor elementor-clearfix\">\r\n\t\t\t\t\t\t<div class=\"portfolio-text-holder\"><div class=\"portfolio-text-holder\"><div class=\"portfolio-text-holder\"><div class=\"portfolio-text-holder\"><p class=\"portfolio-describe\">\u2261 22 kW AC g\u00fc\u00e7, max. 32 A ak\u0131m<\/p><p class=\"portfolio-describe\">\u2261 Type 2, 1 adet soket<\/p><p class=\"portfolio-describe\">\u2261 380 V AC Besleme Gerilimi<\/p><p class=\"portfolio-describe\">\u2261 Do\u011frudan duvara montaj yap\u0131labilir.<\/p><p class=\"portfolio-describe\">\u2261 Ba\u011flant\u0131 tipi: mod 3<\/p><\/div><\/div><\/div><\/div>\t\t\t\t\t\t\t<\/div>\r\n\t\t\t\t\t\t\t\t\t\t<\/div>\n\t\t\t\t\t<\/div>\n\t\t<\/div>\n\t\t\t\t\t<\/div><\/div>\r\n\t\t<\/main>\r\n\t\t\t\t<\/div>\n\t\t","protected":false},"excerpt":{"rendered":"<p>AC \u015eARJ \u0130STASYONU \u2261 22 kW AC g\u00fc\u00e7, max. 32&#8230;<\/p>\n","protected":false},"author":1,"featured_media":0,"parent":0,"menu_order":0,"comment_status":"closed","ping_status":"closed","template":"","meta":{"footnotes":""},"class_list":["post-3035","page","type-page","status-publish"],"_links":{"self":[{"href":"https:\/\/www.zngenerji.com\/index.php?rest_route=\/wp\/v2\/pages\/3035","targetHints":{"allow":["GET"]}}],"collection":[{"href":"https:\/\/www.zngenerji.com\/index.php?rest_route=\/wp\/v2\/pages"}],"about":[{"href":"https:\/\/www.zngenerji.com\/index.php?rest_route=\/wp\/v2\/types\/page"}],"author":[{"embeddable":true,"href":"https:\/\/www.zngenerji.com\/index.php?rest_route=\/wp\/v2\/users\/1"}],"replies":[{"embeddable":true,"href":"https:\/\/www.zngenerji.com\/index.php?rest_route=%2Fwp%2Fv2%2Fcomments&post=3035"}],"version-history":[{"count":4,"href":"https:\/\/www.zngenerji.com\/index.php?rest_route=\/wp\/v2\/pages\/3035\/revisions"}],"predecessor-version":[{"id":3044,"href":"https:\/\/www.zngenerji.com\/index.php?rest_route=\/wp\/v2\/pages\/3035\/revisions\/3044"}],"wp:attachment":[{"href":"https:\/\/www.zngenerji.com\/index.php?rest_route=%2Fwp%2Fv2%2Fmedia&parent=3035"}],"curies":[{"name":"wp","href":"https:\/\/api.w.org\/{rel}","templated":true}]}}