{"id":3070,"date":"2025-12-22T15:14:43","date_gmt":"2025-12-22T12:14:43","guid":{"rendered":"https:\/\/www.zngenerji.com\/?page_id=3070"},"modified":"2025-12-22T15:19:21","modified_gmt":"2025-12-22T12:19:21","slug":"dc-yuksek-hizli-sarj-istasyonlari","status":"publish","type":"page","link":"https:\/\/www.zngenerji.com\/?page_id=3070","title":{"rendered":"DC Y\u00dcKSEK HIZLI \u015eARJ \u0130STASYONLARI"},"content":{"rendered":"\t\t<div data-elementor-type=\"wp-page\" data-elementor-id=\"3070\" class=\"elementor elementor-3070\">\n\t\t\t\t\t\t<main class=\"elementor-section elementor-top-section elementor-element elementor-element-227c3b50 elementor-section-boxed elementor-section-height-default elementor-section-height-default\" data-id=\"227c3b50\" data-element_type=\"section\">\r\n\t\t\t\t\t\t<div class=\"elementor-container elementor-column-gap-thegem\"><div class=\"elementor-row\">\r\n\t\t\t\t\t<div class=\"elementor-column elementor-col-100 elementor-top-column elementor-element elementor-element-1a254b7c\" data-id=\"1a254b7c\" data-element_type=\"column\">\n\t\t\t<div class=\"elementor-widget-wrap elementor-element-populated\">\n\t\t\t\t\t\t<div class=\"elementor-element elementor-element-75147eb flex-horizontal-align-default flex-horizontal-align-tablet-default flex-horizontal-align-mobile-default flex-vertical-align-default flex-vertical-align-tablet-default flex-vertical-align-mobile-default elementor-invisible elementor-widget elementor-widget-image\" data-id=\"75147eb\" data-element_type=\"widget\" data-settings=\"{&quot;_animation&quot;:&quot;fadeIn&quot;}\" data-widget_type=\"image.default\">\n\t\t\t\t\t\t\t\t\t\t\t\t\t\t\t<img width=\"569\" height=\"813\" src=\"https:\/\/www.zngenerji.com\/wp-content\/uploads\/2025\/12\/Super-Hizli-DS-60-Serisi-Elektrikli-Sarj-Istasyonlari.png\" class=\"attachment-full size-full wp-image-3073\" alt=\"\" srcset=\"https:\/\/www.zngenerji.com\/wp-content\/uploads\/2025\/12\/Super-Hizli-DS-60-Serisi-Elektrikli-Sarj-Istasyonlari.png 569w, https:\/\/www.zngenerji.com\/wp-content\/uploads\/2025\/12\/Super-Hizli-DS-60-Serisi-Elektrikli-Sarj-Istasyonlari-210x300.png 210w\" sizes=\"(max-width: 569px) 100vw, 569px\" \/>\t\t\t\t\t\t\t\t\t\t\t\t\t\t\t<\/div>\n\t\t\t\t<div class=\"elementor-element elementor-element-68a43c78 flex-horizontal-align-default flex-horizontal-align-tablet-default flex-horizontal-align-mobile-default flex-vertical-align-default flex-vertical-align-tablet-default flex-vertical-align-mobile-default elementor-invisible elementor-widget elementor-widget-heading\" data-id=\"68a43c78\" data-element_type=\"widget\" data-settings=\"{&quot;_animation&quot;:&quot;fadeInUp&quot;}\" data-widget_type=\"heading.default\">\n\t\t\t\t\t<div class=\"title-h2 elementor-heading-title elementor-size-default\">S\u00fcper H\u0131zl\u0131 DS 60 Serisi Elektrikli \u015earj \u0130stasyonlar\u0131<\/div>\t\t\t\t<\/div>\n\t\t\t\t<div class=\"elementor-element elementor-element-17ddd83e flex-horizontal-align-default flex-horizontal-align-tablet-default flex-horizontal-align-mobile-default flex-vertical-align-default flex-vertical-align-tablet-default flex-vertical-align-mobile-default elementor-invisible elementor-widget elementor-widget-text-editor\" data-id=\"17ddd83e\" data-element_type=\"widget\" data-settings=\"{&quot;_animation&quot;:&quot;fadeInUp&quot;}\" data-widget_type=\"text-editor.default\">\n\t\t\t\t\t\t\t\t\t\t\t\t<div class=\"elementor-text-editor elementor-clearfix\">\r\n\t\t\t\t\t\t<ul><li>Ayn\u0131 anda 2 DC \u015farj\u0131 destekler<\/li><li>\u00c7oklu standart: CCS, CHAdeMO<\/li><li>Kullan\u0131c\u0131 do\u011frulama ve y\u00f6netimi i\u00e7in RFID kart okuyucu<\/li><li>\u0130ste\u011fe ba\u011fl\u0131 kablo y\u00f6netim aksesuarlar\u0131<\/li><li>Ak\u0131ll\u0131 \u015farj ve y\u00fck dengeleme \u00f6zelliklerini destekler<\/li><li>Verimlilik &gt; %94;PF &gt; 0.99(APFC)<\/li><li>Kullan\u0131m\u0131 kolay aray\u00fcze sahip 7 in\u00e7 LCD ekran<\/li><li>OCPP 1.6 JSON<\/li><li>IK10\/NEMA 3R(Ekran ve RFID mod\u00fcl\u00fc dahil de\u011fildir), IP55<\/li><\/ul>\t\t\t\t\t\t\t<\/div>\r\n\t\t\t\t\t\t\t\t\t\t<\/div>\n\t\t\t\t\t<\/div>\n\t\t<\/div>\n\t\t\t\t\t<\/div><\/div>\r\n\t\t<\/main>\r\n\t\t\t\t<main class=\"elementor-section elementor-top-section elementor-element elementor-element-fc42242 elementor-section-boxed elementor-section-height-default elementor-section-height-default\" data-id=\"fc42242\" data-element_type=\"section\">\r\n\t\t\t\t\t\t<div class=\"elementor-container elementor-column-gap-thegem\"><div class=\"elementor-row\">\r\n\t\t\t\t\t<div class=\"elementor-column elementor-col-100 elementor-top-column elementor-element elementor-element-bd6954b\" data-id=\"bd6954b\" data-element_type=\"column\">\n\t\t\t<div class=\"elementor-widget-wrap elementor-element-populated\">\n\t\t\t\t\t\t<div class=\"elementor-element elementor-element-b878a5f flex-horizontal-align-default flex-horizontal-align-tablet-default flex-horizontal-align-mobile-default flex-vertical-align-default flex-vertical-align-tablet-default flex-vertical-align-mobile-default elementor-invisible elementor-widget elementor-widget-image\" data-id=\"b878a5f\" data-element_type=\"widget\" data-settings=\"{&quot;_animation&quot;:&quot;fadeIn&quot;}\" data-widget_type=\"image.default\">\n\t\t\t\t\t\t\t\t\t\t\t\t\t\t\t<img width=\"374\" height=\"748\" src=\"https:\/\/www.zngenerji.com\/wp-content\/uploads\/2025\/12\/Super-Hizli-DQ-Serisi-Elektrikli-Sarj-Istasyonlari.png\" class=\"attachment-full size-full wp-image-3074\" alt=\"\" srcset=\"https:\/\/www.zngenerji.com\/wp-content\/uploads\/2025\/12\/Super-Hizli-DQ-Serisi-Elektrikli-Sarj-Istasyonlari.png 374w, https:\/\/www.zngenerji.com\/wp-content\/uploads\/2025\/12\/Super-Hizli-DQ-Serisi-Elektrikli-Sarj-Istasyonlari-150x300.png 150w\" sizes=\"(max-width: 374px) 100vw, 374px\" \/>\t\t\t\t\t\t\t\t\t\t\t\t\t\t\t<\/div>\n\t\t\t\t<div class=\"elementor-element elementor-element-d2652fa flex-horizontal-align-default flex-horizontal-align-tablet-default flex-horizontal-align-mobile-default flex-vertical-align-default flex-vertical-align-tablet-default flex-vertical-align-mobile-default elementor-invisible elementor-widget elementor-widget-heading\" data-id=\"d2652fa\" data-element_type=\"widget\" data-settings=\"{&quot;_animation&quot;:&quot;fadeInUp&quot;}\" data-widget_type=\"heading.default\">\n\t\t\t\t\t<div class=\"title-h2 elementor-heading-title elementor-size-default\">S\u00fcper H\u0131zl\u0131 DQ Serisi Elektrikli \u015earj \u0130stasyonlar\u0131<\/div>\t\t\t\t<\/div>\n\t\t\t\t<div class=\"elementor-element elementor-element-29476a8 flex-horizontal-align-default flex-horizontal-align-tablet-default flex-horizontal-align-mobile-default flex-vertical-align-default flex-vertical-align-tablet-default flex-vertical-align-mobile-default elementor-invisible elementor-widget elementor-widget-text-editor\" data-id=\"29476a8\" data-element_type=\"widget\" data-settings=\"{&quot;_animation&quot;:&quot;fadeInUp&quot;}\" data-widget_type=\"text-editor.default\">\n\t\t\t\t\t\t\t\t\t\t\t\t<div class=\"elementor-text-editor elementor-clearfix\">\r\n\t\t\t\t\t\t<ul><li><strong>H\u0131zl\u0131 \u015earj Modu<\/strong><br \/>Y\u00fckseltilmi\u015f gerilim modu 480kW\u2019ye kadar<\/li><li><strong>\u00d6zelle\u015ftirilebilir Ekran D\u00fczenlemeleri<\/strong><br \/>Ekran d\u00fczenini de\u011fi\u015ftirme olana\u011f\u0131 3 ekran se\u00e7ene\u011fi: 7\u201d \/ 7\u201d + 21.5\u201d \/ 32\u201d<\/li><li><strong>\u00d6zelle\u015ftirilebilir \u015earj Sistemi<br \/><\/strong>4 ba\u011flant\u0131 i\u00e7in farkl\u0131 so\u011futma sistemlerini se\u00e7me olana\u011f\u0131<br \/>Maksimum 2 s\u0131v\u0131 so\u011futma ve 2 hava so\u011futma sistemi<\/li><li><strong>Ak\u0131ll\u0131 Kablo Y\u00f6netim Sistemi<br \/><\/strong>D\u00f6nen kablo mili, 300 mm d\u0131\u015fa uzatma olana\u011f\u0131 sa\u011flar<br \/>Kablo y\u00f6netimi, kablolar\u0131n \u00e7\u0131kar\u0131lmas\u0131nda a\u011f\u0131rl\u0131\u011f\u0131 azaltmaya ve \u015farj kablolar\u0131n\u0131n a\u015f\u0131nmas\u0131n\u0131 azaltmaya ve \u015farj kablolar\u0131n\u0131n a\u015f\u0131nmas\u0131n\u0131 azaltmaya yard\u0131mc\u0131 olur.<\/li><li><strong>4 Araca Kadar \u015earj \u0130mkan\u0131<br \/><\/strong>Bu \u00e7\u00f6z\u00fcm, tek bir istasyon 4 \u015farj ba\u011flant\u0131s\u0131n\u0131n kullan\u0131lmas\u0131 sayesinde son derece ekonomiktir. Ara\u00e7 filolar\u0131 ile beraber, yo\u011fun benzin istasyonlar\u0131, ticari binalar ve al\u0131\u015fveri\u015f merkezleri gibi s\u0131k\u0131\u015f\u0131k kentsel b\u00f6lgeler i\u00e7in idealdir.<br \/>&#8211; Park ba\u015f\u0131na d\u00fc\u015f\u00fck maliyet, ayn\u0131 anda 4 arac\u0131n \u015farj edilmesi<br \/>&#8211; K\u00fc\u00e7\u00fck bir alan i\u00e7inde 480 kW ultra h\u0131zl\u0131 \u015farj g\u00fcc\u00fc<\/li><li><strong>So\u011futma Sistemlerini \u00d6zelle\u015ftirin<br \/><\/strong>Bu 4 ba\u011flant\u0131l\u0131 \u015farj istasyonu, so\u011futma sistemlerini ihtiyac\u0131n\u0131za y\u00f6nelik de\u011fi\u015ftirmenize olanak tan\u0131r. 2 s\u0131v\u0131 so\u011futmal\u0131 ve 2 hava so\u011futmal\u0131 \u015farj ba\u011flant\u0131s\u0131 kurma esnekli\u011fi sunar.<br \/>&#8211; 4 d\u00fczenleme se\u00e7ene\u011finden \u00fccretsiz olarak se\u00e7im yapabilirsiniz<br \/>&#8211; 2 alternatif so\u011futma sisteminden \u00fccretsiz olarak se\u00e7im yapabilirsiniz<\/li><li><strong>\u015earj istasyonu ile reklam verin<br \/><\/strong>\u00d6n panel ekran\u0131, yerel i\u015fletmelere ve markalara reklam alan\u0131 sergileme veya kendi hizmetlerinizi tan\u0131tma olana\u011f\u0131 sunan \u00fc\u00e7 farkl\u0131 medya ekran\u0131 d\u00fczenlemesi sa\u011flar.<br \/>&#8211; Gelir ak\u0131\u015f\u0131n\u0131 maksimize edin<br \/>&#8211; Stratejik i\u015fbirliklerini te\u015fvik edin<\/li><li>\u00a0<\/li><\/ul>\t\t\t\t\t\t\t<\/div>\r\n\t\t\t\t\t\t\t\t\t\t<\/div>\n\t\t\t\t\t<\/div>\n\t\t<\/div>\n\t\t\t\t\t<\/div><\/div>\r\n\t\t<\/main>\r\n\t\t\t\t<main class=\"elementor-section elementor-top-section elementor-element elementor-element-d6c9007 elementor-section-boxed elementor-section-height-default elementor-section-height-default\" data-id=\"d6c9007\" data-element_type=\"section\">\r\n\t\t\t\t\t\t<div class=\"elementor-container elementor-column-gap-thegem\"><div class=\"elementor-row\">\r\n\t\t\t\t\t<div class=\"elementor-column elementor-col-100 elementor-top-column elementor-element elementor-element-545318b\" data-id=\"545318b\" data-element_type=\"column\">\n\t\t\t<div class=\"elementor-widget-wrap elementor-element-populated\">\n\t\t\t\t\t\t<div class=\"elementor-element elementor-element-bc31e27 flex-horizontal-align-default flex-horizontal-align-tablet-default flex-horizontal-align-mobile-default flex-vertical-align-default flex-vertical-align-tablet-default flex-vertical-align-mobile-default elementor-invisible elementor-widget elementor-widget-image\" data-id=\"bc31e27\" data-element_type=\"widget\" data-settings=\"{&quot;_animation&quot;:&quot;fadeIn&quot;}\" data-widget_type=\"image.default\">\n\t\t\t\t\t\t\t\t\t\t\t\t\t\t\t<img width=\"402\" height=\"723\" src=\"https:\/\/www.zngenerji.com\/wp-content\/uploads\/2025\/12\/Super-Hizli-DW-Serisi-Elektrikli-Sarj-Istasyonlari.png\" class=\"attachment-full size-full wp-image-3075\" alt=\"\" srcset=\"https:\/\/www.zngenerji.com\/wp-content\/uploads\/2025\/12\/Super-Hizli-DW-Serisi-Elektrikli-Sarj-Istasyonlari.png 402w, https:\/\/www.zngenerji.com\/wp-content\/uploads\/2025\/12\/Super-Hizli-DW-Serisi-Elektrikli-Sarj-Istasyonlari-167x300.png 167w\" sizes=\"(max-width: 402px) 100vw, 402px\" \/>\t\t\t\t\t\t\t\t\t\t\t\t\t\t\t<\/div>\n\t\t\t\t<div class=\"elementor-element elementor-element-cd69b24 flex-horizontal-align-default flex-horizontal-align-tablet-default flex-horizontal-align-mobile-default flex-vertical-align-default flex-vertical-align-tablet-default flex-vertical-align-mobile-default elementor-invisible elementor-widget elementor-widget-heading\" data-id=\"cd69b24\" data-element_type=\"widget\" data-settings=\"{&quot;_animation&quot;:&quot;fadeInUp&quot;}\" data-widget_type=\"heading.default\">\n\t\t\t\t\t<div class=\"title-h2 elementor-heading-title elementor-size-default\">S\u00fcper H\u0131zl\u0131 DW Serisi Elektrikli \u015earj \u0130stasyonlar\u0131<\/div>\t\t\t\t<\/div>\n\t\t\t\t<div class=\"elementor-element elementor-element-beb1339 flex-horizontal-align-default flex-horizontal-align-tablet-default flex-horizontal-align-mobile-default flex-vertical-align-default flex-vertical-align-tablet-default flex-vertical-align-mobile-default elementor-invisible elementor-widget elementor-widget-text-editor\" data-id=\"beb1339\" data-element_type=\"widget\" data-settings=\"{&quot;_animation&quot;:&quot;fadeInUp&quot;}\" data-widget_type=\"text-editor.default\">\n\t\t\t\t\t\t\t\t\t\t\t\t<div class=\"elementor-text-editor elementor-clearfix\">\r\n\t\t\t\t\t\t<ul><li>\u00c7oklu standart: CCS ve CHAdeMO<\/li><li>Kullan\u0131c\u0131 do\u011frulama ve y\u00f6netimi i\u00e7in RFID kart okuyucu<\/li><li>Ak\u0131ll\u0131 \u015farj ve y\u00fck dengeleme \u00f6zelliklerini destekler<\/li><li>Verimlilik &gt; %94<\/li><li>PF &gt; 0.99(APFC)<\/li><li>Kullan\u0131m\u0131 kolay aray\u00fcze sahip 7 in\u00e7 LCD ekran<\/li><li>OCPP 1.6 JSON<\/li><li>IK10\/NEMA 3R(Ekran ve RFID mod\u00fcl\u00fc dahil de\u011fildir), IP55<\/li><\/ul>\t\t\t\t\t\t\t<\/div>\r\n\t\t\t\t\t\t\t\t\t\t<\/div>\n\t\t\t\t\t<\/div>\n\t\t<\/div>\n\t\t\t\t\t<\/div><\/div>\r\n\t\t<\/main>\r\n\t\t\t\t<main class=\"elementor-section elementor-top-section elementor-element elementor-element-2d19508 elementor-section-boxed elementor-section-height-default elementor-section-height-default\" data-id=\"2d19508\" data-element_type=\"section\">\r\n\t\t\t\t\t\t<div class=\"elementor-container elementor-column-gap-thegem\"><div class=\"elementor-row\">\r\n\t\t\t\t\t<div class=\"elementor-column elementor-col-100 elementor-top-column elementor-element elementor-element-051d268\" data-id=\"051d268\" data-element_type=\"column\">\n\t\t\t<div class=\"elementor-widget-wrap elementor-element-populated\">\n\t\t\t\t\t\t<div class=\"elementor-element elementor-element-a053111 flex-horizontal-align-default flex-horizontal-align-tablet-default flex-horizontal-align-mobile-default flex-vertical-align-default flex-vertical-align-tablet-default flex-vertical-align-mobile-default elementor-invisible elementor-widget elementor-widget-image\" data-id=\"a053111\" data-element_type=\"widget\" data-settings=\"{&quot;_animation&quot;:&quot;fadeIn&quot;}\" data-widget_type=\"image.default\">\n\t\t\t\t\t\t\t\t\t\t\t\t\t\t\t<img width=\"248\" height=\"500\" src=\"https:\/\/www.zngenerji.com\/wp-content\/uploads\/2025\/12\/Super-Hizli-DS-Serisi-Elektrikli-Sarj-Istasyonlari.png\" class=\"attachment-full size-full wp-image-3076\" alt=\"\" srcset=\"https:\/\/www.zngenerji.com\/wp-content\/uploads\/2025\/12\/Super-Hizli-DS-Serisi-Elektrikli-Sarj-Istasyonlari.png 248w, https:\/\/www.zngenerji.com\/wp-content\/uploads\/2025\/12\/Super-Hizli-DS-Serisi-Elektrikli-Sarj-Istasyonlari-149x300.png 149w\" sizes=\"(max-width: 248px) 100vw, 248px\" \/>\t\t\t\t\t\t\t\t\t\t\t\t\t\t\t<\/div>\n\t\t\t\t<div class=\"elementor-element elementor-element-9c80627 flex-horizontal-align-default flex-horizontal-align-tablet-default flex-horizontal-align-mobile-default flex-vertical-align-default flex-vertical-align-tablet-default flex-vertical-align-mobile-default elementor-invisible elementor-widget elementor-widget-heading\" data-id=\"9c80627\" data-element_type=\"widget\" data-settings=\"{&quot;_animation&quot;:&quot;fadeInUp&quot;}\" data-widget_type=\"heading.default\">\n\t\t\t\t\t<div class=\"title-h2 elementor-heading-title elementor-size-default\">S\u00fcper H\u0131zl\u0131 DS Serisi Elektrikli \u015earj \u0130stasyonlar\u0131 DS 90-120-150-180 Serisi<\/div>\t\t\t\t<\/div>\n\t\t\t\t<div class=\"elementor-element elementor-element-05965e7 flex-horizontal-align-default flex-horizontal-align-tablet-default flex-horizontal-align-mobile-default flex-vertical-align-default flex-vertical-align-tablet-default flex-vertical-align-mobile-default elementor-invisible elementor-widget elementor-widget-text-editor\" data-id=\"05965e7\" data-element_type=\"widget\" data-settings=\"{&quot;_animation&quot;:&quot;fadeInUp&quot;}\" data-widget_type=\"text-editor.default\">\n\t\t\t\t\t\t\t\t\t\t\t\t<div class=\"elementor-text-editor elementor-clearfix\">\r\n\t\t\t\t\t\t<ul><li>S\u0131v\u0131 So\u011futmas\u0131z 500A\u2019ya kadar \u015farj deste\u011fi<\/li><li>Ayn\u0131 anda 2 DC \u015farj\u0131 destekler<\/li><li>\u00c7oklu standart: CCS, CHAdeMO<\/li><li>Kullan\u0131c\u0131 do\u011frulama ve y\u00f6netimi i\u00e7in RFID kart okuyucu<\/li><li>\u0130ste\u011fe ba\u011fl\u0131 kablo y\u00f6netim aksesuarlar\u0131<\/li><li>Ak\u0131ll\u0131 \u015farj ve y\u00fck dengeleme \u00f6zelliklerini destekler<\/li><li>Verimlilik &gt; %94;PF &gt; 0.99(APFC)<\/li><li>Kullan\u0131m\u0131 kolay aray\u00fcze sahip 7 in\u00e7 LCD ekran<\/li><li>OCPP 1.6 JSON<\/li><li>IK10\/NEMA 3R(Ekran ve RFID mod\u00fcl\u00fc dahil de\u011fildir), IP55<\/li><li>Ki\u015fiselle\u015ftirme \u00f6zelli\u011fi mevcuttur<\/li><li>\u00a0<\/li><\/ul>\t\t\t\t\t\t\t<\/div>\r\n\t\t\t\t\t\t\t\t\t\t<\/div>\n\t\t\t\t\t<\/div>\n\t\t<\/div>\n\t\t\t\t\t<\/div><\/div>\r\n\t\t<\/main>\r\n\t\t\t\t<main class=\"elementor-section elementor-top-section elementor-element elementor-element-89063a4 elementor-section-boxed elementor-section-height-default elementor-section-height-default\" data-id=\"89063a4\" data-element_type=\"section\">\r\n\t\t\t\t\t\t<div class=\"elementor-container elementor-column-gap-thegem\"><div class=\"elementor-row\">\r\n\t\t\t\t\t<div class=\"elementor-column elementor-col-100 elementor-top-column elementor-element elementor-element-a5c4dd4\" data-id=\"a5c4dd4\" data-element_type=\"column\">\n\t\t\t<div class=\"elementor-widget-wrap elementor-element-populated\">\n\t\t\t\t\t\t<div class=\"elementor-element elementor-element-37d7a63 flex-horizontal-align-default flex-horizontal-align-tablet-default flex-horizontal-align-mobile-default flex-vertical-align-default flex-vertical-align-tablet-default flex-vertical-align-mobile-default elementor-invisible elementor-widget elementor-widget-image\" data-id=\"37d7a63\" data-element_type=\"widget\" data-settings=\"{&quot;_animation&quot;:&quot;fadeIn&quot;}\" data-widget_type=\"image.default\">\n\t\t\t\t\t\t\t\t\t\t\t\t\t\t\t<img width=\"430\" height=\"531\" src=\"https:\/\/www.zngenerji.com\/wp-content\/uploads\/2025\/12\/Super-Hizli-DM-Serisi-Elektrikli-Sarj-Istasyonlari.png\" class=\"attachment-full size-full wp-image-3077\" alt=\"\" srcset=\"https:\/\/www.zngenerji.com\/wp-content\/uploads\/2025\/12\/Super-Hizli-DM-Serisi-Elektrikli-Sarj-Istasyonlari.png 430w, https:\/\/www.zngenerji.com\/wp-content\/uploads\/2025\/12\/Super-Hizli-DM-Serisi-Elektrikli-Sarj-Istasyonlari-243x300.png 243w\" sizes=\"(max-width: 430px) 100vw, 430px\" \/>\t\t\t\t\t\t\t\t\t\t\t\t\t\t\t<\/div>\n\t\t\t\t<div class=\"elementor-element elementor-element-19d1e71 flex-horizontal-align-default flex-horizontal-align-tablet-default flex-horizontal-align-mobile-default flex-vertical-align-default flex-vertical-align-tablet-default flex-vertical-align-mobile-default elementor-invisible elementor-widget elementor-widget-heading\" data-id=\"19d1e71\" data-element_type=\"widget\" data-settings=\"{&quot;_animation&quot;:&quot;fadeInUp&quot;}\" data-widget_type=\"heading.default\">\n\t\t\t\t\t<div class=\"title-h2 elementor-heading-title elementor-size-default\">S\u00fcper H\u0131zl\u0131 DM Serisi Elektrikli \u015earj \u0130stasyonlar\u0131<\/div>\t\t\t\t<\/div>\n\t\t\t\t<div class=\"elementor-element elementor-element-db8c21e flex-horizontal-align-default flex-horizontal-align-tablet-default flex-horizontal-align-mobile-default flex-vertical-align-default flex-vertical-align-tablet-default flex-vertical-align-mobile-default elementor-invisible elementor-widget elementor-widget-text-editor\" data-id=\"db8c21e\" data-element_type=\"widget\" data-settings=\"{&quot;_animation&quot;:&quot;fadeInUp&quot;}\" data-widget_type=\"text-editor.default\">\n\t\t\t\t\t\t\t\t\t\t\t\t<div class=\"elementor-text-editor elementor-clearfix\">\r\n\t\t\t\t\t\t<ul><li>\u00c7oklu standart: CCS, CHAdeMO<\/li><li>Kullan\u0131c\u0131 do\u011frulama ve y\u00f6netimi i\u00e7in RFID kart okuyucu<\/li><li>Ak\u0131ll\u0131 \u015farj ve y\u00fck dengeleme \u00f6zelliklerini destekler<\/li><li>Verimlilik &gt; %94<\/li><li>PF &gt; 0.99(APFC)<\/li><li>Kullan\u0131m\u0131 kolay aray\u00fcze sahip 7 in\u00e7 LCD ekran<\/li><li>OCPP 1.6 JSON<\/li><li>IK10\/NEMA 3R(Ekran ve RFID mod\u00fcl\u00fc dahil de\u011fildir), IP55<\/li><\/ul>\t\t\t\t\t\t\t<\/div>\r\n\t\t\t\t\t\t\t\t\t\t<\/div>\n\t\t\t\t\t<\/div>\n\t\t<\/div>\n\t\t\t\t\t<\/div><\/div>\r\n\t\t<\/main>\r\n\t\t\t\t<\/div>\n\t\t","protected":false},"excerpt":{"rendered":"<p>S\u00fcper H\u0131zl\u0131 DS 60 Serisi Elektrikli \u015earj \u0130stasyonlar\u0131 Ayn\u0131 anda&#8230;<\/p>\n","protected":false},"author":1,"featured_media":0,"parent":0,"menu_order":0,"comment_status":"closed","ping_status":"closed","template":"","meta":{"footnotes":""},"class_list":["post-3070","page","type-page","status-publish"],"_links":{"self":[{"href":"https:\/\/www.zngenerji.com\/index.php?rest_route=\/wp\/v2\/pages\/3070","targetHints":{"allow":["GET"]}}],"collection":[{"href":"https:\/\/www.zngenerji.com\/index.php?rest_route=\/wp\/v2\/pages"}],"about":[{"href":"https:\/\/www.zngenerji.com\/index.php?rest_route=\/wp\/v2\/types\/page"}],"author":[{"embeddable":true,"href":"https:\/\/www.zngenerji.com\/index.php?rest_route=\/wp\/v2\/users\/1"}],"replies":[{"embeddable":true,"href":"https:\/\/www.zngenerji.com\/index.php?rest_route=%2Fwp%2Fv2%2Fcomments&post=3070"}],"version-history":[{"count":4,"href":"https:\/\/www.zngenerji.com\/index.php?rest_route=\/wp\/v2\/pages\/3070\/revisions"}],"predecessor-version":[{"id":3080,"href":"https:\/\/www.zngenerji.com\/index.php?rest_route=\/wp\/v2\/pages\/3070\/revisions\/3080"}],"wp:attachment":[{"href":"https:\/\/www.zngenerji.com\/index.php?rest_route=%2Fwp%2Fv2%2Fmedia&parent=3070"}],"curies":[{"name":"wp","href":"https:\/\/api.w.org\/{rel}","templated":true}]}}